t of z(-8)?
6
What is the tens digit of 180565/40 + (-5 - (-39)/8)?
1
Let g(m) be the second derivative of -17*m**3/3 - 44*m**2 - 12*m. What is the units digit of g(-15)?
2
Let h(y) = -3*y**3 + y**2 + 10*y - 2. Suppose 0 = 3*q - 51 + 69. What is the hundreds digit of h(q)?
6
Let m(t) be the first derivative of -13*t**5/60 + 17*t**4/24 - 2*t**3/3 + 29. Let a(g) be the third derivative of m(g). What is the tens digit of a(-5)?
4
Suppose -6*x - 165 = -39*x. Let g(h) = -7*h + 3. Let d be g(-4). Suppose -114 = -4*n + 5*v + d, -4*n = x*v - 95. What is the units digit of n?
0
Suppose 501 - 2169 = -3*r. Suppose -c = c - 2*x - r, 2*x - 2 = 0. Suppose -10*p = -13*p + c. What is the units digit of p?
3
Let r(o) = o**2 + 31*o + 86. Let f be r(-28). Suppose -h = -u - 0*h + 120, -5*u - f*h = -635. What is the tens digit of u?
2
Let v(q) = 244*q - 154. Let i(g) = -242*g + 153. Let j(s) = -2*i(s) - 3*v(s). What is the units digit of j(-4)?
8
Let o(r) = -155*r + 3. Let v = -43 + 42. Let i be o(v). Let z = i - 70. What is the units digit of z?
8
Let v be 3/(-5 + -4) - (-85)/3. Suppose -v + 3 = -5*r. Let f(j) = 4*j**3 - 11*j**2 - 3*j + 12. What is the tens digit of f(r)?
2
Let j(d) = -d**3 + 4*d**2 - d + 18. What is the ten thousands digit of j(-25)?
1
Let u = 1172 - 327. Let t = 1797 - u. What is the hundreds digit of t?
9
What is the thousands digit of 6/(-51) - 14726222/(-629)?
3
Let k = -21 + 25. Suppose -4*r + k = -5*r. What is the tens digit of (114/r)/(9/(-18))?
5
Let h = 37121 - 15742. What is the ten thousands digit of h?
2
Suppose -17 = -4*o + w + 1824, 0 = o + 4*w - 473. What is the hundreds digit of o?
4
Let o be 11/33 + 275/3. What is the units digit of o + -7 + (-9)/(-12)*4?
8
Let l be 3/(-5) - 15/(-25). What is the hundreds digit of (249 - l)/(6/4)?
1
Suppose -9*x - 34180 = -p - 8*x, -4*p + 136704 = 4*x. What is the units digit of p?
8
Let y(b) = -13*b**2 + 181*b + 5. Let d be y(14). What is the units digit of -6 - (d - -9 - (-1992)/(-3))?
8
Let g be ((-18)/(-63)*-20)/(2/(-7)). Let b = -18 + g. Suppose -3*r = 6, -b*s + 3*r + 49 = -25. What is the units digit of s?
4
Let s(c) = 26*c - 105. Let h be s(-20). Let x = h + 929. What is the units digit of x?
4
What is the hundreds digit of (-10)/(-25) + 2/5 - 767508/(-15)?
1
Let w = 113358 + -65418. What is the hundreds digit of w?
9
Let u(s) = -8*s - 95 + s**2 - 8 - 95. What is the hundreds digit of u(23)?
1
Suppose 4*d = -3*m + 53, -4*m + 82 - 68 = 2*d. Let b = 508 + -250. Suppose 23*r - d*r = b. What is the units digit of r?
3
Suppose -489 = 9*u - 12*u. Let d = u - 141. What is the tens digit of d?
2
Suppose -t - 1 = -3*r, -5*t - 10*r + 7*r + 13 = 0. Suppose 407 = h + 3*k, -2068 = -3*h - t*h - 4*k. What is the units digit of h?
6
Let y = 480 + -219. Suppose 58 = g + y. Let u = g - -331. What is the units digit of u?
8
Suppose l = 5*l - 2*t + 4, -10 = l - 5*t. Let u be -4*-10*(-4)/(-32). Suppose l*v = -u*b - 2*v + 90, -4*b + 72 = -2*v. What is the tens digit of b?
1
Let h = -16 + 18. Suppose 0 = -3*w - 3*a + h*a + 174, -130 = -2*w + 4*a. Let t = w - 29. What is the units digit of t?
0
Let x(z) be the first derivative of 63*z**2/2 - 36*z + 3. What is the tens digit of x(5)?
7
Suppose -8*v = 9*v - 119. Let h(p) = -4*p + 6 - v*p - 7*p. What is the tens digit of h(-2)?
4
Let m(v) = 33*v + 2488. What is the tens digit of m(-40)?
6
Suppose -5*p - 7 = -6*p. Suppose -p*k + 510 - 41 = 0. Suppose -3*n + r - 5*r + 187 = 0, -r - k = -n. What is the units digit of n?
5
Let c be (6/4)/((-36)/(-24)). Let j(m) = -c - 5*m - m - 15 - 5. What is the units digit of j(-6)?
5
Let j(o) = o**3 + 38*o**2 + 58*o + 75. What is the units digit of j(-20)?
5
What is the ten thousands digit of 764829/13 - -19 - 27?
5
Let y be 57/2*46/69. Suppose -y*f - 2*f = -16506. What is the hundreds digit of f?
7
Let h(c) = 44*c**3 - 23*c**2 + 95*c + 29. What is the ten thousands digit of h(10)?
4
Suppose -3*s - 5*u - 33324 = -144663, -s - u = -37109. What is the hundreds digit of s?
1
Suppose -4*a - 5*v + 12196 = 0, -2*a + 0*a + 3*v = -6076. Suppose 11*i - 15*i = -a. Suppose 3*p - 2*j - i = 2*j, 2*p = 3*j + 507. What is the tens digit of p?
5
Let v be (-15)/4 + (-2)/8. Let u(s) be the first derivative of 4*s**3/3 + 5*s - 1001. What is the tens digit of u(v)?
6
Let g be (16/6 - 2)*(-2226)/28. Suppose -3*j = k + 2*k - 258, -3*j + 283 = -2*k. Let f = j + g. What is the tens digit of f?
3
Suppose 30*a = 11*a - a + 128540. What is the hundreds digit of a?
4
Let a(z) be the second derivative of z**4/12 + z**3/2 + z**2 - 167*z. Suppose 0 = -0*b + 2*b. What is the units digit of a(b)?
2
Suppose -14*z + 2*m - 7 = -13*z, 2*m = -4*z + 12. Let d(o) = 1381*o**3 - o**2 + 4*o - 3. What is the units digit of d(z)?
1
Let n(c) = -331*c + 8810. What is the tens digit of n(0)?
1
Suppose 7*w - 10*w = -1503. Suppose 3091 = 14*n + w. What is the tens digit of n?
8
Let g(h) = 59*h - 8*h + 18 + 3. What is the tens digit of g(4)?
2
Suppose -4*i + 205 = i. Let g = i + -36. Let p = g + 28. What is the units digit of p?
3
Let g = 65 + -65. Suppose 0 = -3*u - 4*t + 56, g*t = 5*u - 2*t - 102. Suppose -5*y + 105 = 5*p - u, 0 = -5*p + 15. What is the tens digit of y?
2
Suppose 624 + 492 = -3*j. Let d = j - -539. Suppose 3*w - 91 - d = 0. What is the units digit of w?
6
Let b be (-1848 + 4)/(-2) + -4. Let x = 1668 - b. What is the units digit of x?
0
Suppose 24*q - 18*q - 5934 = 0. Suppose 5*k - 1316 = q. What is the hundreds digit of k?
4
What is the thousands digit of 10221 - ((-5)/((-40)/32) - 0)?
0
Suppose 4*b - 260 = 6*c - 4*c, -4*c - 3*b - 487 = 0. Let j = c + 552. What is the units digit of j?
8
Suppose -37*v + 106688 = -5*v. Let d = 4874 - v. What is the units digit of d?
0
Let j be (6/18)/(2/30). Suppose 0 = -t - k + 82, -423 = -j*t - 4*k - 12. Let r = t - -36. What is the hundreds digit of r?
1
What is the thousands digit of ((-1071)/6)/(-15 + 63798/4256)?
8
Let b be 1778/84 + -6 - 2/12. Let a(n) = n**3 - 10*n**2 - 30*n + 24. What is the hundreds digit of a(b)?
6
Let j(h) be the third derivative of h**5/30 + h**4 + 25*h**3/2 - 117*h**2. What is the hundreds digit of j(-13)?
1
Let y = 1097 + -692. Let b = 784 - y. What is the hundreds digit of b?
3
What is the tens digit of 22/(6 + -4) + -7 - -5190?
9
What is the thousands digit of 24/((-18)/(2160/140)*1/(-105))?
2
Let f(x) = 13*x - 81. Let h be f(7). What is the hundreds digit of 12/h*(-3460)/(-12)?
3
Let q(k) = -3*k**3 - 29*k**2 + 90*k + 22. What is the hundreds digit of q(-17)?
8
Suppose 3*c = 4*c - 15. Let w be (-3)/c + ((-24)/20)/(-6). Suppose 67*q - 64*q - 129 = w. What is the units digit of q?
3
Let p(u) = 647*u**3 + 0*u**2 - 7 - 1860*u - 2*u**2 + 1870*u. What is the hundreds digit of p(1)?
6
Suppose -138*c + 139*c + 10 = 0. Let j(l) = 5*l**3 + 5 + 10*l**2 - 4*l + l + 2*l - 4*l**3. What is the units digit of j(c)?
5
Let c be (1 - 15/9)*(-6 - 0). Let d(b) = -3*b**2 + 13*b - 13. Let m be d(c). Let a(n) = n**3 + 9*n**2 - 5*n + 21. What is the units digit of a(m)?
6
What is the hundreds digit of ((-112450)/(-15))/(23/(966/28))?
2
Suppose -2*a = 5*t - 35, 2*t - 33 = 5*a - 135. Suppose -5*h + 1210 = -3*y, 18*y = -h + a*y + 249. What is the tens digit of h?
3
Let t be (-2138)/6*((-27)/(-3))/(-3). Suppose 9*h - t - 47 = 0. Suppose 0 = -5*s - h + 864. What is the tens digit of s?
4
Let y be 0*(-1 - -3)/(-2). Let v(a) = -a**2 + 2*a + 187. Let z be v(y). Suppose -z = -5*n - s + 68, -285 = -5*n + 5*s. What is the units digit of n?
2
Let l = -2693 + 3492. What is the units digit of l?
9
Suppose -21*c + 40942 + 72458 = 0. What is the hundreds digit of c?
4
Suppose 37*z = 29*z - 944. Let m = 128 - 273. Let j = z - m. What is the units digit of j?
7
Let m(s) = 120*s**2 - 3*s - 33. Let k be m(-4). Suppose 3*b + k = 24*o - 21*o, -3*o = 5*b - 1923. What is the units digit of o?
6
Let o(z) = 13*z + 40. Let q(m) = -15*m - 39. Let b(a) = 5*o(a) + 4*q(a). What is the units digit of b(3)?
9
Let m(q) = 1 + 14 - 5*q + 10. Let b be m(4). Suppose 0 = -b*x - x + 810. What is the hundreds digit of x?
1
Let q(k) = 90*k - 57. Let w be q(-20). Let v = 2629 + w. What is the hundreds digit of v?
7
Suppose -136026 = 16*n - 34*n + 9*n. What is the ten thousands digit of n?
1
Let k be (0 - 0)/(-1) - 363. Suppose -o + 127 = -4*s + 337, -3*s + 99